 factor of 1436 and 25444.
4
Calculate the greatest common divisor of 1963104 and 440.
88
Calculate the greatest common divisor of 70 and 5572805.
35
Calculate the greatest common factor of 9874630 and 2.
2
What is the greatest common divisor of 241 and 5782313?
241
What is the highest common divisor of 20383 and 1061115?
1199
What is the greatest common factor of 10036554 and 49610?
902
What is the greatest common divisor of 185 and 65845?
5
What is the greatest common factor of 54792 and 18162?
18
Calculate the greatest common factor of 230300 and 53956.
1316
Calculate the greatest common factor of 2467312 and 78208.
752
Calculate the highest common divisor of 418 and 532.
38
Calculate the greatest common factor of 177380 and 8196328.
196
What is the greatest common factor of 1313937 and 21?
3
Calculate the highest common divisor of 30736 and 101486430.
3842
What is the greatest common factor of 56859154 and 8199?
911
Calculate the highest common divisor of 28 and 5619047.
7
Calculate the greatest common divisor of 5085227 and 17.
17
What is the highest common factor of 99683560 and 100?
20
What is the greatest common factor of 75424 and 25434387?
2357
What is the greatest common factor of 3623290 and 10670?
110
What is the highest common factor of 2373 and 60666197?
113
Calculate the highest common divisor of 165477851 and 147.
49
Calculate the highest common divisor of 355839643 and 3049.
3049
Calculate the greatest common factor of 2168337 and 627.
57
What is the greatest common divisor of 12742 and 2162?
46
What is the highest common divisor of 5115 and 62774690?
1705
Calculate the highest common divisor of 2137562 and 42.
14
What is the greatest common factor of 81066930 and 581?
581
What is the greatest common factor of 5720 and 330700370?
1430
Calculate the highest common factor of 634 and 33991593.
317
Calculate the greatest common factor of 237514190 and 20.
10
Calculate the highest common factor of 59686704 and 43120.
8624
Calculate the highest common factor of 3914 and 4594637.
19
What is the highest common factor of 140545007 and 148912?
9307
Calculate the greatest common divisor of 5683335 and 2415.
105
Calculate the greatest common factor of 204703 and 207659.
739
What is the highest common divisor of 682 and 26580950?
682
Calculate the greatest common factor of 207214384 and 2680.
536
What is the highest common factor of 5166 and 99015?
861
Calculate the greatest common factor of 4218 and 5796235.
703
Calculate the greatest common divisor of 22119588 and 108.
108
Calculate the greatest common factor of 13664 and 160692056.
3416
Calculate the highest common divisor of 4147899 and 4448.
139
Calculate the greatest common factor of 13722124 and 16562.
338
What is the greatest common factor of 60508217 and 539?
77
What is the greatest common factor of 7517132 and 1340?
268
Calculate the highest common divisor of 202202 and 50414.
182
What is the highest common divisor of 795806 and 55022?
1342
Calculate the greatest common divisor of 150315408 and 40.
8
Calculate the highest common divisor of 371961 and 3219.
111
What is the greatest common divisor of 208 and 7734142?
26
Calculate the highest common divisor of 9010 and 689848.
106
What is the highest common divisor of 27573975 and 26?
13
What is the greatest common divisor of 195146 and 287722?
526
What is the greatest common factor of 1210 and 2063435?
55
Calculate the highest common divisor of 664581 and 3735.
249
Calculate the highest common divisor of 8947863 and 6.
3
What is the greatest common factor of 119350 and 355322?
682
What is the highest common factor of 128958 and 33?
3
What is the greatest common factor of 13368 and 653016?
24
What is the greatest common divisor of 6038 and 2334912714?
6038
Calculate the highest common factor of 23620 and 18560.
20
Calculate the greatest common divisor of 15925 and 6850.
25
Calculate the highest common factor of 162187008 and 24084.
2676
Calculate the highest common factor of 839436 and 572.
52
Calculate the greatest common divisor of 201 and 47113931.
67
Calculate the highest common divisor of 1432211 and 176.
11
Calculate the highest common factor of 334936 and 179984.
56
Calculate the highest common factor of 120 and 14509155.
15
What is the greatest common factor of 1363656 and 462?
42
Calculate the greatest common factor of 6565503 and 1239.
21
Calculate the highest common divisor of 6118 and 117344.
38
Calculate the highest common factor of 9145354 and 582.
194
Calculate the highest common divisor of 48 and 19009840.
16
Calculate the highest common factor of 25006324 and 1298.
118
What is the highest common factor of 2000 and 5666960?
80
What is the highest common divisor of 163632 and 714504?
168
Calculate the greatest common factor of 180223 and 37776.
787
What is the highest common factor of 1779165 and 87885?
405
What is the highest common divisor of 978 and 35180127?
489
Calculate the greatest common divisor of 18297 and 58197.
57
Calculate the greatest common factor of 360729 and 414369.
1341
Calculate the greatest common factor of 5 and 1681195.
5
What is the highest common divisor of 34901 and 6239?
17
What is the highest common factor of 16 and 1953412?
4
Calculate the greatest common divisor of 4030 and 619853.
13
Calculate the highest common divisor of 130053059 and 42928.
2683
Calculate the greatest common factor of 1045955602 and 214.
214
Calculate the greatest common divisor of 152 and 79420228.
76
Calculate the greatest common divisor of 54 and 17905347.
27
What is the greatest common divisor of 3787700 and 4638?
1546
What is the greatest common factor of 958104 and 6354?
18
Calculate the highest common divisor of 2222 and 53429.
101
Calculate the highest common factor of 16 and 1007052.
4
Calculate the greatest common factor of 236 and 56699.
59
What is the highest common divisor of 3987947 and 189543?
943
Calculate the greatest common divisor of 2847226 and 37696.
1178
Calculate the highest common factor of 80 and 11546744.
8
Calculate the greatest common divisor of 2394 and 2056127598.
2394
What is the highest common factor of 7276332 and 21?
21
Calculate the greatest common divisor of 359416215 and 90.
45
What is the greatest common factor of 6284208 and 252?
84
What is the greatest common factor of 6 and 771801?
3
What is the greatest common factor of 20001024 and 2208?
96
What is the greatest common divisor of 25750 and 6258280?
1030
Calculate the greatest common factor of 23696155 and 205.
205
Calculate the greatest common factor of 377139 and 27321.
21
What is the highest common divisor of 33594739 and 473?
43
What is the greatest common divisor of 1450842 and 186?
6
Calculate the highest common factor of 310250 and 92000.
250
What is the greatest common divisor of 660308 and 344?
172
Calculate the greatest common factor of 83936200 and 20.
20
What is the highest common divisor of 2805 and 84524935?
935
Calculate the highest common divisor of 380998958 and 5998.
5998
What is the highest common factor of 889225 and 375?
25
Calculate the highest common divisor of 147 and 78046479.
21
Calculate the highest common divisor of 57398137 and 16983.
629
Calculate the greatest common factor of 404914 and 131125.
1049
Calculate the highest common divisor of 50690 and 346610.
1370
Calculate the highest common divisor of 1480569 and 159.
3
What is the highest common factor of 25732912 and 43952?
656
What is the highest common divisor of 200 and 2701150?
50
What is the highest common divisor of 250710111 and 95?
19
Calculate the greatest common factor of 1889794856 and 6236.
6236
What is the highest common factor of 4354320 and 3018?
6
What is the greatest common factor of 221091 and 158639?
13
Calculate the greatest common divisor of 8316091 and 1085.
217
Calculate the highest common factor of 238 and 1623902.
14
Calculate the greatest common divisor of 32327331 and 3.
3
Calculate the greatest common divisor of 564027 and 465099.
687
Calculate the highest common factor of 46860 and 988020.
660
What is the greatest common divisor of 201 and 305027818?
67
Calculate the highest common factor of 405536 and 11552.
608
Calculate the greatest common factor of 1142208 and 1418688.
1728
What is the greatest common diviso